e 4*a - 157 = 83. What is the highest common factor of a and f?
15
Let p(j) = -12*j**3 + 3*j + 3. Let l be p(-1). What is the highest common factor of l and 15?
3
Let m = 382 + -152. What is the greatest common factor of 10 and m?
10
Suppose f - 4 = 2*m, -3*f = -f - m - 5. Calculate the greatest common factor of f and 2.
2
Let j(r) be the first derivative of -9*r**2/2 - 9*r - 1. Suppose 24 = 11*l - 15*l. Let m be j(l). Calculate the greatest common divisor of m and 5.
5
Suppose 3*d + 10 = 31. Calculate the greatest common divisor of d and 7.
7
Suppose 15*d = 13*d + 34. Calculate the greatest common factor of d and 119.
17
Let l(t) be the second derivative of 4*t**4/3 - 2*t**2 - t. Let d be l(-4). What is the highest common divisor of d and 28?
28
Let o be (-16)/(-4) + 13 + 4. Calculate the greatest common divisor of o and 21.
21
Let z = -6 + 26. Calculate the greatest common factor of 5 and z.
5
Let g = 182 + -131. Calculate the highest common factor of 561 and g.
51
Let g(t) = 6*t**2 - 4. Let y be g(-2). What is the greatest common divisor of y and 10?
10
Suppose 3*r = 3 + 3. Suppose 0 = -5*l - 5*y + 540, -r*y + 11 = 3. Let x(t) = 3*t - 2. Let s be x(5). Calculate the highest common factor of l and s.
13
Let s(z) = -z**3 - 5*z**2 + 3*z - 7. Let c be s(-6). What is the highest common factor of 121 and c?
11
Suppose -2*l + 146 = 2*l + 2*o, 5*o = -25. Calculate the highest common divisor of 13 and l.
13
Let f(k) = k**3 - 2*k**2 - 3*k + 2. Let t be f(3). Calculate the greatest common divisor of t and 2.
2
Suppose l - 2*l - 16 = m, 0 = 4*l - m + 64. Let y be (-952)/l - (-6)/(-4). Calculate the greatest common divisor of y and 29.
29
Let s(c) = c**3 - 9*c + 3. Let n be s(4). What is the highest common factor of 341 and n?
31
Let y(a) = 2*a + 1. Let j be y(6). Suppose 7*d - 327 - 492 = 0. What is the greatest common factor of d and j?
13
Suppose -5*i - 5*v = -i - 9, -2*i + 3*v - 1 = 0. Let c = 38 - 21. Let d = 28 - c. Calculate the highest common divisor of i and d.
1
Let z be -132 - 1 - (3 - 1). Let m be -1 - (0 - z)/(-3). What is the highest common factor of m and 11?
11
Let s be 24*3*1/6. What is the highest common divisor of 3 and s?
3
Let h = 280 + -126. Calculate the greatest common factor of 22 and h.
22
Suppose -2 = -3*n - 2*l, 0*n - 3*n = 3*l. Let i(y) = y**3 + 2*y**2 - 3*y + 1. Let d be i(-3). What is the greatest common divisor of d and n?
1
Let x be (23 + 2 + -2)/(-4 - -5). Calculate the greatest common divisor of 184 and x.
23
Let f(u) = u**2 + 14 - 3*u**2 + u**2 - 12*u. Let o be f(-11). Let q = 11 + -6. Calculate the highest common factor of q and o.
5
Let i be (-34)/(-6) - (-1)/3. What is the greatest common divisor of 15 and i?
3
Let o(k) = 5*k + 12. Let j(w) = 5*w + 11. Let a(b) = 7*j(b) - 6*o(b). Let y be a(3). Calculate the highest common factor of 10 and y.
10
Let u(n) = -n**2 - 8*n - 5. Let v be u(-5). Let p = 20 + -14. Suppose -v = -x + p. What is the greatest common divisor of 4 and x?
4
Let b = -10 - -28. Suppose -w + 3*l = -4*w + 48, -3*l = 6. What is the greatest common divisor of w and b?
18
Let r(u) = -u**2 - 11*u + 12. Let y be r(-11). Let m = 13 - y. Calculate the greatest common divisor of m and 4.
1
Suppose 0 = y + 4*y + 90. Let q be (-4)/y + 47/(-9). Let w be (-2 - q) + -1 + 12. Calculate the highest common factor of w and 14.
14
Let p = -4 - -44. Let l(q) = -2*q - 3. Suppose -4*g - 15 = 1. Let b be l(g). What is the highest common divisor of p and b?
5
Let z = 1049 - 509. Suppose -4*v + z = -164. Calculate the greatest common factor of 16 and v.
16
Let n be 3/(0 + 1/7). Let r be (0 - 0)/(-3) - -7. Let z = r - 4. What is the highest common factor of z and n?
3
Let q be (47 - 0) + (-7)/(28/(-12)). Calculate the greatest common divisor of 20 and q.
10
Suppose 0 = -4*w + 14 + 18. Let i = -18 + 30. What is the highest common factor of i and w?
4
Suppose 2*d - 232 = -2*h - h, -5*h - d + 382 = 0. Let b be (9/12)/((-3)/(-12)). Suppose h = b*a - 8. What is the highest common divisor of a and 4?
4
Suppose -7*f = -6*f - 86. Suppose 2*h = -4, -2*h = -4*j - 3*h + f. Calculate the highest common factor of 55 and j.
11
Let w(q) = 2*q + 1. Let v be w(5). Calculate the highest common divisor of v and 33.
11
Let w(i) = 2*i + 4. Let v be w(-3). Let k be v/(-3)*(-9)/(-2). Suppose -g + k = 1. Calculate the greatest common divisor of g and 22.
2
Let f be 1 + -2 + 38/2. Suppose f + 2 = 5*x. Let j(p) = -28*p - 82. Let y be j(-3). Calculate the highest common factor of x and y.
2
Let u(a) = a**2 - 3*a - 7. Let l be u(5). Suppose l*o - 2*o - k - 84 = 0, k = -3*o + 236. What is the highest common factor of o and 10?
10
Let i(w) = w**3 + 4*w**2 + 4*w + 2. Let v be i(-3). Let r be ((-1 + 4)*-2)/v. What is the highest common factor of r and 3?
3
Suppose -3*w = -5*t + 17, 15 = 5*t - 0*w - 5*w. Let b be 4 + 1*(2 - 1). Suppose -b = t*k - 65. What is the greatest common factor of 30 and k?
15
Let k = 154 - 148. What is the highest common factor of k and 8?
2
Let h(o) = o + 12. Let p be h(0). Let w = -27 + 13. Let i = -10 - w. What is the highest common divisor of p and i?
4
Let w be (2/2)/(1/297). Suppose 3*b + p - 1650 = 6*p, 2*p = 3*b - 1650. Let l = b - w. What is the greatest common factor of 23 and l?
23
Suppose 0 = 22*r - 15*r - 84. Suppose 0 = 3*j + j - 72. What is the greatest common factor of r and j?
6
Let i be -6 - (-31 - 5) - 2. Let t be 10/3 + 2/3. Suppose 3*r - 43 = -2*j, j - t*r - 8 = -j. Calculate the highest common factor of i and j.
14
Let a = -2 + 3. Let o = 2 - -1. Let l be -2 + 0 + 0 + o. Calculate the greatest common factor of a and l.
1
Let l be 3616/14 - (-8)/(-28). What is the highest common factor of l and 43?
43
Let y be (-7)/((-7)/120) - 0. Let z(q) = -6*q - 6. Let f be z(-5). Calculate the greatest common factor of y and f.
24
Let g(i) = -6*i + 4. Let p be g(-2). What is the greatest common divisor of 32 and p?
16
Let l = -265 + 166. Let k = l - -141. Calculate the highest common factor of 28 and k.
14
Let h be (-454 - 1)*(-8)/20. Suppose -5*i + 109 = 4*j, 2*j + 2*i - 106 = -2*j. Calculate the highest common factor of j and h.
26
Let n = -59 + 117. Suppose 4*z = 2*z + n. What is the highest common divisor of z and 203?
29
Let j(s) = s + 26. Let b be j(-8). What is the highest common divisor of b and 6?
6
Suppose 310 = 3*r - 230. Suppose 0*z - 5*z = -r. Let n = -23 - -27. What is the highest common divisor of z and n?
4
Let d(h) = 16*h. Suppose -t - 2 = -3*t. Let y be d(t). Let n(s) = s. Let g be n(8). Calculate the highest common divisor of y and g.
8
Let b be ((-2)/4)/(9/(-90)). What is the highest common factor of 45 and b?
5
Suppose 0 = -2*x - 2*x - 20, -3*x - 14 = h. What is the highest common factor of h and 1?
1
Let m be (-6)/(-51) + 423/17. What is the highest common divisor of 125 and m?
25
Let p = -211 + 337. Let y = 68 - 54. What is the greatest common factor of p and y?
14
Suppose 2*z = -2*z + 24. Calculate the greatest common divisor of 15 and z.
3
Let c = 103 - 65. Let g = 189 - 94. What is the greatest common divisor of c and g?
19
Let i = 2 + -2. Suppose 5*k - 3*k - 8 = i. Calculate the greatest common divisor of 1 and k.
1
Suppose 123 = 2*c + c - 2*r, 0 = -c - r + 46. Suppose k = c - 7. Calculate the greatest common divisor of k and 90.
18
Let t = 281 - 156. Calculate the highest common factor of t and 50.
25
Suppose -q = 2*q - 120. Calculate the greatest common divisor of q and 5.
5
Let x = -4 - -12. What is the greatest common divisor of x and 56?
8
Suppose b + 18 = 3*b. Let w be -2 + 5 + 2*-1. Let r = 8 + w. Calculate the highest common factor of r and b.
9
Let h be -1*(5 + -2)*-45. Suppose 20 = -5*b + 95. What is the highest common factor of b and h?
15
Let b be -2*((-6 - -2) + 0). Let m(o) = -o**3 + 8*o**2 + 8. Let a be m(b). What is the highest common divisor of a and 24?
8
Let t(c) = -20*c + 5. Let u = 6 + -11. Let p be t(u). Calculate the highest common factor of 15 and p.
15
Let j be ((-3)/(-1) + -5)*-15. Let h be (26/(-4))/((-2)/4). Let t be h + (0 - -2)*1. Calculate the greatest common factor of t and j.
15
Suppose -2*u + 2 = -4*u, -2*v + 5*u = -39. Let t be 4*4 - (-1 + 0). Calculate the highest common factor of v and t.
17
Suppose 256 = 2*k - 0*k. Suppose 6*o + 32 = 4*o. Let d be 3 + 0 - 